hen 16 is divided by y.
4
Suppose -4*j - 2 = 10. Let d(q) = -q**2 + 8*q - 4. Let x be d(5). Let a = j + x. Calculate the remainder when a is divided by 3.
2
Let f(r) = -22*r + 2. Let m(b) = -2*b. Let c(x) = -2*f(x) + 28*m(x). Calculate the remainder when c(-4) is divided by 2639/175 + 6/(-75).
14
Suppose -2 = c - 5*i, 4*i = -4*c - i + 17. What is the remainder when 11 is divided by c?
2
Let x(d) = d - 2. Let s be (-2 - 5/(-3))*-3. Let u be x(s). Calculate the remainder when 52/2 - (u - -4) is divided by 13.
10
Suppose 10*h - 40 = 6*h. Suppose -h*c = 23 - 303. Suppose p + 3*s - 13 = 0, 4*s + 28 = 3*p + 2*s. Calculate the remainder when c is divided by p.
8
Let f(d) = d**2 + 1. Let l be f(-1). Suppose -l*o + 176 = 4*y - y, -5*y - 2*o + 288 = 0. What is the remainder when y is divided by 19?
18
Suppose -5*f + 0*f - 60 = 4*r, 0 = 5*r + 2*f + 58. Let u(y) = 7*y - 1. Let v be u(4). Let g = v + r. Calculate the remainder when g is divided by 5.
2
Suppose 54 = -3*a + a. Let t be 6/a - (-29)/9. Let k = t - -8. Calculate the remainder when k is divided by 6.
5
Let p = 33 - 14. Let x(n) = 7*n**2 + n + 4. Let t be x(3). Let j = t - p. What is the remainder when j is divided by 18?
15
Let a(x) = -x + 18. What is the remainder when a(0) is divided by 8/(-52) + 264/26?
8
Let w be (0 - (1 + -2)) + 44. Let o = w - 32. Suppose 3*q - 10 - 5 = 0. Calculate the remainder when o is divided by q.
3
Let v(q) = q**2 - 11*q + 28. What is the remainder when v(12) is divided by 15?
10
Let u(b) = b. Let d be u(2). Suppose 5*t - 2*s - 60 = 0, -d*t - s - 15 = -3*t. Suppose -5*c = -t*c + 185. What is the remainder when c is divided by 13?
11
Suppose -4 = -2*v + 2. Suppose 0 = v*z + 2*z - 170. Calculate the remainder when z is divided by 9.
7
Let j(r) = r**3 - 18*r**2 + 5*r - 19. What is the remainder when j(18) is divided by 18?
17
Let n(h) = -h + 4. Suppose 2*q + 5*z + 37 = 0, -5*q + z - 64 = 4*z. Let j(r) = r**2 + 10*r. What is the remainder when j(q) is divided by n(0)?
3
Suppose 2*g = 4*g - 36. What is the remainder when 89 is divided by g?
17
Let l(p) = 14*p**3 + p**2 + 6*p**3 - 1 - 4*p**3 + 3*p**3. Calculate the remainder when l(1) is divided by 7.
5
Suppose 0 = -g + 3*g - 64. Calculate the remainder when g is divided by 17.
15
Suppose b = -0*b - 7. Let o be 297/63 + (-2)/b. Suppose o*h - 12 = 78. Calculate the remainder when 35 is divided by h.
17
Let j = -8 - -10. Let n(k) = -2 + 2*k - 5*k + k**2 - 2*k**j - 2*k. What is the remainder when 3 is divided by n(-4)?
1
Suppose -12*s + 91 = -5*s. What is the remainder when 23 is divided by s?
10
Let w(u) = 2*u**2 + 13*u + 9. What is the remainder when 6 is divided by w(-6)?
0
Let c(g) = g**3 - g**2 + 2*g**2 + 7*g**2 + 4*g. What is the remainder when c(-7) is divided by 8?
5
Let p = 10 - 5. What is the remainder when 16 is divided by p?
1
Suppose 3*i - 35 = -2*i. Let w = -133 - -137. What is the remainder when i is divided by w?
3
Suppose 3*g + i = -4*i + 33, g = -3*i + 15. Suppose 0 = -g*m + 2*m + 4. Suppose -2*u + 53 = m. Calculate the remainder when u is divided by 9.
8
Suppose -4*r - 43 + 95 = 0. Suppose -t + 38 = 2. What is the remainder when t is divided by r?
10
Suppose 0*r + 3*r + 27 = 5*p, 0 = -p + 3. Let z(l) = -l**3 + 8*l**2 - 5*l - 3. What is the remainder when z(7) is divided by 35/20*r/(-1)?
4
Suppose -5*k + 128 = -k. Calculate the remainder when k is divided by 7.
4
Suppose 3 + 1 = 2*v. Let m = 1 + v. Suppose 0 = -0*w - m*w + 3*p + 18, 4*p - 21 = -5*w. Calculate the remainder when 14 is divided by w.
4
Suppose -3*j - 5*t + 26 = 0, -j - 2*j = 3*t - 18. Suppose -5*a = -2*a + 3*m - 39, j*a - 3*m = 21. What is the remainder when 33 is divided by a?
9
Let l = -16 + 25. Suppose 8*f - 11*f + l = 0. Calculate the remainder when f is divided by 3.
0
Suppose -3*u + 2*n - 5*n = -108, -2*u - 4*n + 72 = 0. Calculate the remainder when u is divided by 13.
10
Let w = 146 - 132. Suppose -7*i + 3*i = -216. What is the remainder when i is divided by w?
12
Suppose 0 = -4*u + 20, 4*u = 5*a - a + 44. Let n be (-2 + (-14)/a)*9. Calculate the remainder when n*2 + (-4)/(-2) is divided by 3.
2
Suppose 3*j = -3*z - 42, -2*j + 4*j = -5*z - 16. What is the remainder when (-3)/(-12) - 748/(-16) is divided by 10/45 + (-284)/j?
15
Let o(u) be the third derivative of u**5/60 + u**4/8 - 5*u**3/3 - u**2. What is the remainder when 70 is divided by o(-7)?
16
Let a = -23 + 43. What is the remainder when a is divided by 12?
8
Suppose -u + 14 + 105 = 0. What is the remainder when u is divided by 40?
39
Let i = -14 + 18. Calculate the remainder when 99/6*4/6 is divided by i.
3
Let a = 176 + -83. What is the remainder when a is divided by 19?
17
Suppose -5*s + 0*y = -y - 29, -9 = -5*s - 4*y. Suppose s*i + 5*m + 5 = 0, -3*m = -m + 6. What is the remainder when i is divided by 2?
0
Suppose -c - 3 = 2*c. Let p be 14 + c - 0/(-2). Suppose p + 17 = 3*v. Calculate the remainder when v is divided by 6.
4
Let y = 133 + -79. What is the remainder when y is divided by 14?
12
Suppose 0 = 3*j + 3*f + 57, -3*j = -4*f + 9 + 62. Suppose 0*g + 3*g - 87 = 0. Let c = g + j. What is the remainder when 14 is divided by c?
6
Let q = 6 + 8. Calculate the remainder when 54 is divided by q.
12
Suppose -41 = -6*c + 4*c - 5*o, 3*o - 131 = -5*c. Calculate the remainder when 82 is divided by c.
26
Suppose -2 = -5*o - 3*t - 3, -5 = -2*o - 3*t. Let x = 9 + 1. Let v = x + o. Calculate the remainder when 23 is divided by v.
7
Let p = -21 - -39. Let u = 61 - 27. What is the remainder when u is divided by p?
16
Suppose 6*c = -40 + 118. What is the remainder when c is divided by 13?
0
Suppose 2 = 10*k - 9*k. Calculate the remainder when 14 is divided by k.
0
Let u(t) = 2*t - 1. Let f be u(2). Let m(s) = -11*s**3 + s**2 + 2*s. Let o be m(-1). Suppose h - f*h + o = 0. What is the remainder when 19 is divided by h?
4
Let m be (10/(-4))/1*6. Let g be ((-3)/(-3))/((-1)/m). Suppose 0*q - q + g = 0. Calculate the remainder when 43 is divided by q.
13
Let c = 8 - -12. What is the remainder when 57 is divided by c?
17
Suppose 3*a = a + 28. Let p = 0 + 0. Suppose -h = -p*h - 26. Calculate the remainder when h is divided by a.
12
Let p = -5 + 7. Calculate the remainder when 8 is divided by p.
0
Let x(o) = 6*o + 7. Let h(b) = -2*b - 21. What is the remainder when x(7) is divided by h(-17)?
10
Let x = -114 + 166. What is the remainder when x is divided by 6?
4
Let u(i) = -i**2 + 5*i + 34. What is the remainder when u(0) is divided by 9?
7
Suppose 0 = -5*q + q + 20. Suppose 4*y = 4*h + 36 - 0, 3*h = 0. Calculate the remainder when y is divided by q.
4
Let q(x) be the third derivative of -3*x**6/20 - x**4/24 - x**2. Let l = 32 - 33. What is the remainder when q(l) is divided by 5?
4
Let y(b) = b - 3. What is the remainder when 23 is divided by y(9)?
5
Suppose -4*x + 0*x + j + 12 = 0, 3*j = -5*x - 2. Suppose -232 = -x*v - 2*v. Suppose 0*k = 2*k - v. Calculate the remainder when k is divided by 8.
5
Let m be (-2)/(2*(1 - 0)). What is the remainder when 2*9 + 2/m is divided by 9?
7
Suppose 2*x = -x + 4*o + 107, -5*o = -4*x + 144. What is the remainder when x is divided by 11?
8
Suppose 2*t + 3*f + 0*f - 71 = 0, 92 = 4*t - 4*f. What is the remainder when t is divided by 10?
8
Let t(g) = 7*g**2 + g + 6. What is the remainder when t(3) is divided by 38?
34
Let n(u) = u**2 - 5*u + 6. Let t be n(5). Let j = t + -1. Let f(m) = -10*m - 6. Calculate the remainder when f(-2) is divided by j.
4
Suppose 0 = 3*s - 4 - 2. Let f be 82/(-6)*6/s. Let d = 59 + f. Calculate the remainder when d is divided by 10.
8
Suppose -4*f = 2*h - 20, -3*f + 32 = 2*f - h. Calculate the remainder when 9 is divided by f.
3
Suppose 3*w = -2*w + 35. Suppose 0 = l - 12 + w. Calculate the remainder when 18 is divided by l.
3
Suppose -31 = -4*q + 33. Let l = -29 - -74. Calculate the remainder when l is divided by q.
13
Suppose 0*a = 2*a - 142. What is the remainder when a is divided by 18?
17
Suppose -3*l + 3 = -3. Let g be (-19)/(-1) - (-9 + 6). Let o = g + -18. What is the remainder when o is divided by l?
0
Suppose 3*x = -0*x + h + 27, -4*h = 4*x - 20. Calculate the remainder when 21 is divided by x.
5
Suppose -4*p - f = -3 - 0, -2*p - 4*f - 16 = 0. What is the remainder when 40 is divided by (-2)/2*(-28)/p?
12
Let w(k) = -3*k. Wh